{"id":569,"date":"2022-11-03T17:24:45","date_gmt":"2022-11-03T16:24:45","guid":{"rendered":"http:\/\/annaelle-mahouna-photographie.com\/?page_id=569"},"modified":"2023-07-10T20:36:14","modified_gmt":"2023-07-10T18:36:14","slug":"blog","status":"publish","type":"page","link":"https:\/\/annaelle-mahouna-photographie.com\/index.php\/blog\/","title":{"rendered":"Blog"},"content":{"rendered":"\n<div style=\"height:40px\" aria-hidden=\"true\" class=\"wp-block-spacer\"><\/div>\n\n\n\n<p class=\"has-text-align-center has-text-color has-small-font-size\" style=\"color:#ccad57\"><strong>S\u00c9ANCE PHOTOS FAMILLE<\/strong><\/p>\n\n\n\n<div style=\"height:15px\" aria-hidden=\"true\" class=\"wp-block-spacer\"><\/div>\n\n\n\n<p class=\"has-text-align-center has-medium-font-size\"><em><strong>S\u00c9ANCE DE NAISSANCE<\/strong><\/em><\/p>\n\n\n\n<p class=\"has-text-align-center has-small-font-size\"><em>11 janvier 2023<\/em><\/p>\n\n\n\n<div class=\"wp-block-qi-blocks-spacer qodef-block-container qodef-block-b4a64f05\"><div class=\"qi-block-spacer qodef-block qodef-m\"><\/div><\/div>\n\n\n<div class=\"wp-block-image\">\n<figure class=\"aligncenter size-large is-resized\"><img loading=\"lazy\" decoding=\"async\" src=\"http:\/\/annaelle-mahouna-photographie.com\/wp-content\/uploads\/2023\/01\/Shooting-naissance-33-1024x683.jpg\" alt=\"\" class=\"wp-image-945\" width=\"768\" height=\"512\" srcset=\"https:\/\/annaelle-mahouna-photographie.com\/wp-content\/uploads\/2023\/01\/Shooting-naissance-33-1024x683.jpg 1024w, https:\/\/annaelle-mahouna-photographie.com\/wp-content\/uploads\/2023\/01\/Shooting-naissance-33-scaled-600x400.jpg 600w, https:\/\/annaelle-mahouna-photographie.com\/wp-content\/uploads\/2023\/01\/Shooting-naissance-33-300x200.jpg 300w, https:\/\/annaelle-mahouna-photographie.com\/wp-content\/uploads\/2023\/01\/Shooting-naissance-33-768x512.jpg 768w, https:\/\/annaelle-mahouna-photographie.com\/wp-content\/uploads\/2023\/01\/Shooting-naissance-33-1536x1024.jpg 1536w\" sizes=\"auto, (max-width: 768px) 100vw, 768px\" \/><\/figure>\n<\/div>\n\n\n<div class=\"wp-block-qi-blocks-spacer qodef-block-container qodef-block-949a33ab qodef-hide-on--mobile\"><div class=\"qi-block-spacer qodef-block qodef-m\"><\/div><\/div>\n\n\n\n<div class=\"wp-block-columns is-layout-flex wp-container-core-columns-is-layout-9d6595d7 wp-block-columns-is-layout-flex\">\n<div class=\"wp-block-column is-layout-flow wp-block-column-is-layout-flow\" style=\"flex-basis:25%\"><\/div>\n\n\n\n<div class=\"wp-block-column is-layout-flow wp-block-column-is-layout-flow\" style=\"flex-basis:70%\">\n<p class=\"has-text-align-center\" style=\"font-size:14px\">La s\u00e9ance de nouveau-n\u00e9 est pr\u00e9cieuse pour les parents, car elle permet de garder des souvenirs inoubliables de la naissance de leur petit tr\u00e9sor.&nbsp; Dans ce guide, vous trouverez les r\u00e9ponses aux questions que vous vous posez concernant ce shooting.<\/p>\n<\/div>\n\n\n\n<div class=\"wp-block-column is-layout-flow wp-block-column-is-layout-flow\" style=\"flex-basis:25%\"><\/div>\n<\/div>\n\n\n\n<p class=\"has-text-align-center has-small-font-size\"><em><a href=\"http:\/\/annaelle-mahouna-photographie.com\/index.php\/blog\/seance-nouveau-ne\/\">LIRE L&rsquo;ARTICLE<\/a><\/em><\/p>\n\n\n\n<div class=\"wp-block-qi-blocks-spacer qodef-block-container qodef-block-d8b103b9\"><div class=\"qi-block-spacer qodef-block qodef-m\"><\/div><\/div>\n\n\n\n<hr class=\"wp-block-separator has-alpha-channel-opacity\"\/>\n\n\n\n<div style=\"height:20px\" aria-hidden=\"true\" class=\"wp-block-spacer\"><\/div>\n\n\n\n<p class=\"has-text-align-center has-text-color has-small-font-size\" style=\"color:#ccad57\"><strong>S\u00c9ANCE PHOTOS FAMILLE<\/strong><\/p>\n\n\n\n<div style=\"height:15px\" aria-hidden=\"true\" class=\"wp-block-spacer\"><\/div>\n\n\n\n<p class=\"has-text-align-center has-medium-font-size\"><em><strong>S\u00c9ANCE LIFESTYLE EN FAMILLE<\/strong><\/em><\/p>\n\n\n\n<p class=\"has-text-align-center has-small-font-size\"><em>9 d\u00e9cembre 2022<\/em><\/p>\n\n\n\n<div class=\"wp-block-qi-blocks-spacer qodef-block-container qodef-block-d6f69e80\"><div class=\"qi-block-spacer qodef-block qodef-m\"><\/div><\/div>\n\n\n<div class=\"wp-block-image\">\n<figure class=\"aligncenter size-large is-resized\"><img loading=\"lazy\" decoding=\"async\" src=\"http:\/\/annaelle-mahouna-photographie.com\/wp-content\/uploads\/2022\/12\/Shooting-lifestyle-famille-43-1-1024x731.jpg\" alt=\"\" class=\"wp-image-855\" width=\"768\" height=\"548\" srcset=\"https:\/\/annaelle-mahouna-photographie.com\/wp-content\/uploads\/2022\/12\/Shooting-lifestyle-famille-43-1-1024x731.jpg 1024w, https:\/\/annaelle-mahouna-photographie.com\/wp-content\/uploads\/2022\/12\/Shooting-lifestyle-famille-43-1-scaled-600x429.jpg 600w, https:\/\/annaelle-mahouna-photographie.com\/wp-content\/uploads\/2022\/12\/Shooting-lifestyle-famille-43-1-300x214.jpg 300w, https:\/\/annaelle-mahouna-photographie.com\/wp-content\/uploads\/2022\/12\/Shooting-lifestyle-famille-43-1-768x549.jpg 768w, https:\/\/annaelle-mahouna-photographie.com\/wp-content\/uploads\/2022\/12\/Shooting-lifestyle-famille-43-1-1536x1097.jpg 1536w, https:\/\/annaelle-mahouna-photographie.com\/wp-content\/uploads\/2022\/12\/Shooting-lifestyle-famille-43-1-84x60.jpg 84w\" sizes=\"auto, (max-width: 768px) 100vw, 768px\" \/><\/figure>\n<\/div>\n\n\n<div class=\"wp-block-qi-blocks-spacer qodef-block-container qodef-block-b9b1ee8c qodef-hide-on--mobile\"><div class=\"qi-block-spacer qodef-block qodef-m\"><\/div><\/div>\n\n\n\n<div class=\"wp-block-columns is-layout-flex wp-container-core-columns-is-layout-9d6595d7 wp-block-columns-is-layout-flex\">\n<div class=\"wp-block-column is-layout-flow wp-block-column-is-layout-flow\" style=\"flex-basis:25%\"><\/div>\n\n\n\n<div class=\"wp-block-column is-layout-flow wp-block-column-is-layout-flow\" style=\"flex-basis:70%\">\n<p class=\"has-text-align-center\" style=\"font-size:14px\">Les s\u00e9ances photos lifestyle refl\u00e8tent votre mani\u00e8re de vivre et votre quotidien. Elles montrent des moments d\u2019\u00e9changes spontan\u00e9s et naturels, votre comportement dans la vie de tous les jours avec votre entourage, et permettent de figer des souvenirs d\u2019instants vrais et authentiques.<\/p>\n<\/div>\n\n\n\n<div class=\"wp-block-column is-layout-flow wp-block-column-is-layout-flow\" style=\"flex-basis:25%\"><\/div>\n<\/div>\n\n\n\n<p class=\"has-text-align-center has-small-font-size\"><em><a href=\"http:\/\/annaelle-mahouna-photographie.com\/index.php\/blog\/seance-lifestyle-a-domicile\/\">LIRE L&rsquo;ARTICLE<\/a><\/em><\/p>\n\n\n\n<div class=\"wp-block-qi-blocks-spacer qodef-block-container qodef-block-f7b0e7f0\"><div class=\"qi-block-spacer qodef-block qodef-m\"><\/div><\/div>\n\n\n\n<hr class=\"wp-block-separator has-alpha-channel-opacity\"\/>\n\n\n\n<p class=\"has-text-align-center has-text-color has-small-font-size\" style=\"color:#ccad57\"><strong>S\u00c9ANCE PHOTOS COUPLE<\/strong><\/p>\n\n\n\n<div style=\"height:14px\" aria-hidden=\"true\" class=\"wp-block-spacer\"><\/div>\n\n\n\n<p class=\"has-text-align-center has-medium-font-size\"><em><strong>S\u00c9ANCE D&rsquo;ENGAGEMENT<\/strong><\/em><\/p>\n\n\n\n<p class=\"has-text-align-center has-small-font-size\"><em>30 octobre 2022<\/em><\/p>\n\n\n\n<div class=\"wp-block-qi-blocks-spacer qodef-block-container qodef-block-0d13950c\"><div class=\"qi-block-spacer qodef-block qodef-m\"><\/div><\/div>\n\n\n<div class=\"wp-block-image\">\n<figure class=\"aligncenter size-large is-resized\"><img loading=\"lazy\" decoding=\"async\" src=\"http:\/\/annaelle-mahouna-photographie.com\/wp-content\/uploads\/2023\/07\/Shooting-couple-JA-33-1024x683.jpg\" alt=\"\" class=\"wp-image-1605\" width=\"768\" height=\"512\" srcset=\"https:\/\/annaelle-mahouna-photographie.com\/wp-content\/uploads\/2023\/07\/Shooting-couple-JA-33-1024x683.jpg 1024w, https:\/\/annaelle-mahouna-photographie.com\/wp-content\/uploads\/2023\/07\/Shooting-couple-JA-33-scaled-600x400.jpg 600w, https:\/\/annaelle-mahouna-photographie.com\/wp-content\/uploads\/2023\/07\/Shooting-couple-JA-33-300x200.jpg 300w, https:\/\/annaelle-mahouna-photographie.com\/wp-content\/uploads\/2023\/07\/Shooting-couple-JA-33-768x512.jpg 768w, https:\/\/annaelle-mahouna-photographie.com\/wp-content\/uploads\/2023\/07\/Shooting-couple-JA-33-1536x1024.jpg 1536w\" sizes=\"auto, (max-width: 768px) 100vw, 768px\" \/><\/figure>\n<\/div>\n\n\n<div class=\"wp-block-qi-blocks-spacer qodef-block-container qodef-block-0b9b5feb qodef-hide-on--mobile\"><div class=\"qi-block-spacer qodef-block qodef-m\"><\/div><\/div>\n\n\n\n<div class=\"wp-block-columns is-layout-flex wp-container-core-columns-is-layout-9d6595d7 wp-block-columns-is-layout-flex\">\n<div class=\"wp-block-column is-layout-flow wp-block-column-is-layout-flow\" style=\"flex-basis:25%\"><\/div>\n\n\n\n<div class=\"wp-block-column is-layout-flow wp-block-column-is-layout-flow\" style=\"flex-basis:70%\">\n<p class=\"has-text-align-center\" style=\"font-size:14px\">Une s\u00e9ance d\u2019engagement est une s\u00e9ance photos destin\u00e9e \u00e0 des futurs mari\u00e9s, afin d\u2019immortaliser les fian\u00e7ailles. Elle est r\u00e9alis\u00e9e quelques semaines, voire quelques mois avant le jour J. Cette s\u00e9ance n\u2019est pas indispensable, mais elle comprend certains avantages autant du c\u00f4t\u00e9 du photographe que des futurs mari\u00e9s.<\/p>\n<\/div>\n\n\n\n<div class=\"wp-block-column is-layout-flow wp-block-column-is-layout-flow\" style=\"flex-basis:25%\"><\/div>\n<\/div>\n\n\n\n<p class=\"has-text-align-center\" style=\"font-size:14px\"><\/p>\n\n\n\n<p class=\"has-text-align-center has-small-font-size\"><em><a href=\"http:\/\/annaelle-mahouna-photographie.com\/index.php\/blog\/seance-dengagement\/\">LIRE L&rsquo;ARTICLE<\/a><\/em><\/p>\n\n\n\n<div class=\"wp-block-qi-blocks-spacer qodef-block-container qodef-block-47c18f95\"><div class=\"qi-block-spacer qodef-block qodef-m\"><\/div><\/div>\n\n\n\n<hr class=\"wp-block-separator has-alpha-channel-opacity\"\/>\n\n\n\n<div style=\"height:20px\" aria-hidden=\"true\" class=\"wp-block-spacer\"><\/div>\n\n\n\n<p class=\"has-text-align-center has-text-color has-small-font-size\" style=\"color:#ccad57\"><strong>S\u00c9ANCE PHOTOS FAMILLE<\/strong><\/p>\n\n\n\n<div style=\"height:14px\" aria-hidden=\"true\" class=\"wp-block-spacer\"><\/div>\n\n\n\n<p class=\"has-text-align-center has-medium-font-size\"><em><strong>S\u00c9ANCE P\u00c8RE ET FILS<\/strong><\/em><\/p>\n\n\n\n<p class=\"has-text-align-center has-small-font-size\"><em>25 septembre 2022<\/em><\/p>\n\n\n\n<div class=\"wp-block-qi-blocks-spacer qodef-block-container qodef-block-f28cd75b\"><div class=\"qi-block-spacer qodef-block qodef-m\"><\/div><\/div>\n\n\n<div class=\"wp-block-image is-style-tw-border\">\n<figure class=\"aligncenter size-large is-resized\"><img loading=\"lazy\" decoding=\"async\" src=\"http:\/\/annaelle-mahouna-photographie.com\/wp-content\/uploads\/2022\/11\/Shooting-pere-fils-19-1024x683.jpg\" alt=\"\" class=\"wp-image-575\" width=\"768\" height=\"512\" srcset=\"https:\/\/annaelle-mahouna-photographie.com\/wp-content\/uploads\/2022\/11\/Shooting-pere-fils-19-1024x683.jpg 1024w, https:\/\/annaelle-mahouna-photographie.com\/wp-content\/uploads\/2022\/11\/Shooting-pere-fils-19-scaled-600x400.jpg 600w, https:\/\/annaelle-mahouna-photographie.com\/wp-content\/uploads\/2022\/11\/Shooting-pere-fils-19-300x200.jpg 300w, https:\/\/annaelle-mahouna-photographie.com\/wp-content\/uploads\/2022\/11\/Shooting-pere-fils-19-768x512.jpg 768w, https:\/\/annaelle-mahouna-photographie.com\/wp-content\/uploads\/2022\/11\/Shooting-pere-fils-19-1536x1024.jpg 1536w, https:\/\/annaelle-mahouna-photographie.com\/wp-content\/uploads\/2022\/11\/Shooting-pere-fils-19-90x60.jpg 90w\" sizes=\"auto, (max-width: 768px) 100vw, 768px\" \/><\/figure>\n<\/div>\n\n\n<div class=\"wp-block-qi-blocks-spacer qodef-block-container qodef-block-bea3adf1 qodef-hide-on--mobile\"><div class=\"qi-block-spacer qodef-block qodef-m\"><\/div><\/div>\n\n\n\n<div class=\"wp-block-columns is-layout-flex wp-container-core-columns-is-layout-9d6595d7 wp-block-columns-is-layout-flex\">\n<div class=\"wp-block-column is-layout-flow wp-block-column-is-layout-flow\" style=\"flex-basis:25%\"><\/div>\n\n\n\n<div class=\"wp-block-column is-layout-flow wp-block-column-is-layout-flow\" style=\"flex-basis:70%\">\n<p class=\"has-text-align-center\" style=\"font-size:14px\">Une s\u00e9ance photos avec un p\u00e8re et son fils pleine de jolies couleurs qui annoncent l\u2019hiver \u00e0 venir. Les s\u00e9ances photos en famille permettent de garder en m\u00e9moire des moments pr\u00e9cieux, et que l\u2019on a vite tendance \u00e0 oublier, notamment lorsque les enfants sont en bas \u00e2ge.<\/p>\n<\/div>\n\n\n\n<div class=\"wp-block-column is-layout-flow wp-block-column-is-layout-flow\" style=\"flex-basis:25%\"><\/div>\n<\/div>\n\n\n\n<p class=\"has-text-align-center has-small-font-size\"><em><a href=\"http:\/\/annaelle-mahouna-photographie.com\/index.php\/blog\/seance-pere-et-fils\/\">LIRE L&rsquo;ARTICLE<\/a><\/em><\/p>\n\n\n\n<div class=\"wp-block-qi-blocks-spacer qodef-block-container qodef-block-bf28928c\"><div class=\"qi-block-spacer qodef-block qodef-m\"><\/div><\/div>\n","protected":false},"excerpt":{"rendered":"<p>S\u00c9ANCE PHOTOS FAMILLE S\u00c9ANCE DE NAISSANCE 11 janvier 2023 La s\u00e9ance de nouveau-n\u00e9 est pr\u00e9cieuse pour les parents, car elle permet de garder des souvenirs inoubliables de la naissance de leur petit tr\u00e9sor.&nbsp; Dans ce guide, vous trouverez les r\u00e9ponses [&hellip;]<\/p>\n","protected":false},"author":1,"featured_media":0,"parent":0,"menu_order":0,"comment_status":"closed","ping_status":"closed","template":"","meta":{"footnotes":""},"class_list":["post-569","page","type-page","status-publish","hentry"],"_links":{"self":[{"href":"https:\/\/annaelle-mahouna-photographie.com\/index.php\/wp-json\/wp\/v2\/pages\/569","targetHints":{"allow":["GET"]}}],"collection":[{"href":"https:\/\/annaelle-mahouna-photographie.com\/index.php\/wp-json\/wp\/v2\/pages"}],"about":[{"href":"https:\/\/annaelle-mahouna-photographie.com\/index.php\/wp-json\/wp\/v2\/types\/page"}],"author":[{"embeddable":true,"href":"https:\/\/annaelle-mahouna-photographie.com\/index.php\/wp-json\/wp\/v2\/users\/1"}],"replies":[{"embeddable":true,"href":"https:\/\/annaelle-mahouna-photographie.com\/index.php\/wp-json\/wp\/v2\/comments?post=569"}],"version-history":[{"count":44,"href":"https:\/\/annaelle-mahouna-photographie.com\/index.php\/wp-json\/wp\/v2\/pages\/569\/revisions"}],"predecessor-version":[{"id":2239,"href":"https:\/\/annaelle-mahouna-photographie.com\/index.php\/wp-json\/wp\/v2\/pages\/569\/revisions\/2239"}],"wp:attachment":[{"href":"https:\/\/annaelle-mahouna-photographie.com\/index.php\/wp-json\/wp\/v2\/media?parent=569"}],"curies":[{"name":"wp","href":"https:\/\/api.w.org\/{rel}","templated":true}]}}